2. Let x be q(1). Let l be (x + 7)*(0 - -1). Suppose -4*i + l = -19, -3*i - 1027 = -2*g. Is g a composite number?
False
Suppose -2*i + 5 = -19. Let h be (10/4)/((-6)/i). Let k(j) = -8*j - 6. Is k(h) a composite number?
True
Suppose 25 = 3*g + 7. Suppose b = g*b + 2555. Let r = 124 - b. Is r prime?
False
Suppose 74*d = 249127 + 254295. Is d a prime number?
True
Let c(o) = -4*o + 19. Let w be c(3). Suppose -4*l + 19088 = z, l - 2*z = -w*z + 4791. Is l a composite number?
True
Let q(y) = 4*y**2 + 22*y + 19. Is q(-9) composite?
True
Suppose -2*y + 8 = -y. Let j(f) = -1 - y*f + 94*f - 2*f. Is j(1) a prime number?
True
Let s(j) = 16*j**2 - 2. Let k be s(4). Suppose 0 = -5*o + 7*o - k. Is o a composite number?
False
Suppose 15 = 4*h - 21. Let f(k) = 86*k - 5 - 43*k - h*k + 94*k. Is f(5) a composite number?
True
Suppose -s - b = -0*s + 3186, 2*b = -s - 3183. Let z = 4864 - s. Is z composite?
False
Suppose 18058 = 7*r - 71605. Is r a prime number?
True
Let x = 19 - 14. Suppose -3*v = x - 17. Suppose 5*m + 5*u = m + 138, -2*m = -v*u - 82. Is m composite?
False
Let d(m) be the third derivative of m**5/2 - m**3/3 - 4*m**2. Let f be d(-5). Suppose 2*y = 3*w - 565, 0 = -3*w - w + 4*y + f. Is w a prime number?
True
Let n = -10 - -10. Suppose -2*q - q = 4*d - 4541, n = 4*d - 3*q - 4523. Is d a prime number?
False
Is (16706/(-3))/((-30)/45) a prime number?
True
Let f(x) = -x + 10. Suppose 2*m - m = 3*z + 1, 0 = 5*z - 4*m + 4. Suppose z = k - b - 11, 4*b + 9 + 0 = -k. Is f(k) prime?
True
Suppose 4*i + 7 = -m, 3*m + 2*m - 16 = -3*i. Suppose 1002 + 43 = m*z. Is z composite?
True
Let d = 16083 + -11372. Is d composite?
True
Let w(y) = 3*y**2 + 4*y + 3. Let k be w(-2). Suppose -a + 9336 = k*a. Is a a prime number?
False
Suppose 3*v - 113765 = -5*q, -1 + 21 = 5*q. Is v composite?
True
Let p(m) = 3*m - 7. Let n be p(4). Suppose -n*v + 3*v + 418 = 0. Is v prime?
False
Let s(n) = -2*n**2 + 4*n - 2. Let u be s(4). Let f = 134 + -137. Is ((-13)/f)/((-6)/u) a composite number?
False
Suppose 4*g - 20 = 4*p, -g - 1 = -0*p + p. Suppose -2*m + 1510 = 2*l, 2*l + g*m + 3747 = 7*l. Is l prime?
True
Let i(h) = -2*h**3 + 4*h**2 - 3*h + 2. Let b be i(2). Let j = 1106 - 765. Is b/((-8)/j)*2 a composite number?
True
Is 1911/9 - (-4)/6 a prime number?
False
Let h(f) be the second derivative of f**4/12 + 8*f**3/3 + f**2 - 6*f. Let y be h(-16). Is (y/(-4))/((-2)/76) a prime number?
True
Suppose -v = v + 10. Let n(y) = -y. Let k be n(v). Suppose -k*w + 5*l + 1140 = 0, -258 = -w - l - 40. Is w composite?
False
Suppose -5*f = -5*a - 74760, -2*f - 2*a + 20436 = -9464. Is f composite?
False
Let d = 1652 - -2014. Suppose 4*x = -2*x + d. Is x a prime number?
False
Suppose l = 5*d + 16, -1 + 6 = -d. Let w(v) = v**3 + 14*v**2 + 10*v + 3. Let x be w(l). Suppose 3*c - 235 = 2*r, -4*c + 7*r = 2*r - x. Is c a composite number?
True
Suppose -25*m - 60176 + 525351 = 0. Is m a composite number?
True
Suppose 12*y - 88354 = -3*i + 8*y, 0 = i + 4*y - 29462. Is i composite?
True
Suppose 50 = -3*q + 2537. Suppose 7*b - 14592 = q. Is b a prime number?
True
Let m(k) = k**2 - 18*k + 100. Is m(29) composite?
False
Let z be 164/4 - (1 + -5). Is (z/(-12) + 3)*-4 a composite number?
False
Let b(v) = 6*v**2 + 6*v + 127. Is b(16) a prime number?
True
Suppose -2*j + 45 = 3*j. Let n(z) = -z**2 + 13*z + 5. Let g(r) = -3*r**2 + 38*r + 15. Let u(o) = 3*g(o) - 8*n(o). Is u(j) a composite number?
True
Let j = -11 - -13. Let c(f) = f**3 - 3*f + 1. Let w be c(j). Is (w/(-3))/(3/(-237)) prime?
True
Is ((-5)/4)/((-9)/9252) prime?
False
Suppose -30*h - 3*w = -26*h - 33080, -3*h - w + 24805 = 0. Is h a composite number?
True
Let n = 6 + 101. Let r = 142 - n. Is r a composite number?
True
Suppose 9535 = 1071*x - 1066*x. Is x prime?
True
Let q(w) = -1798*w + 2. Let n be q(-2). Suppose -415 = 3*p - n. Is p a prime number?
True
Let y = -11525 - -27168. Is y prime?
True
Suppose -4*b + 4*f = -4, 0*b + 4*f - 4 = 2*b. Suppose -b*y + 878 = -3*n, 4*n + 1061 + 37 = 5*y. Let c = 403 - y. Is c a composite number?
True
Let m(r) = 4*r + 25. Let u be m(-7). Is (-2)/u + (-2438)/(-6) composite?
True
Let r = 38 + -35. Suppose -2*s + r*h + 2797 = 0, 2*s - 6*h + 8*h = 2792. Is s a prime number?
False
Suppose -4 = -4*g + 3*y - 27, y - 5 = 0. Let z = g + 4. Suppose -12 = -d - z*d - 5*r, -8 = -2*d - r. Is d a prime number?
False
Is ((-14732)/6)/(32/24 - 2) prime?
False
Let j = -1539 + 10832. Is j a prime number?
True
Suppose 5*j + 35 = 4*m, -m - 3*j - 29 = -5*m. Suppose -m*o + 5*q = 5, -o + 4*o + 4*q = 4. Suppose 4*u = -2*z - 0*u + 502, o = -z + 5*u + 237. Is z composite?
True
Let l(g) = g**2 + 4*g + 3. Let i be l(-4). Suppose 2*j + 3553 - 8793 = 0. Suppose -d - i*d = -j. Is d a prime number?
False
Suppose -5*k - 2*k = 70. Is k/(-5)*(-2 - (-311)/2) composite?
False
Suppose 2*s + 3393 = -0*s - 5*t, -15 = -5*t. Let j = s - -2999. Suppose -403 = 4*g - j. Is g prime?
True
Let p(l) = l**2 + 2*l + 4. Let q be p(0). Let i be ((-4)/2 + q)*-1. Is 0 - (-3 + -334 - i) a composite number?
True
Suppose g + 2 = 6. Suppose b = -g*b - 25. Let p(x) = -9*x**3 - 5*x**2 + 4*x - 7. Is p(b) prime?
False
Suppose 2*i - 34 = 3*k, -k = -2*i - 7 + 33. Let h = -11 + i. Is 15 + (h/3 - -4) prime?
True
Suppose -c + 1339 = 3*f - 6448, -2*c = -5*f - 15552. Is c composite?
True
Suppose s + 4*m = -22, -10 = 4*s + 5*m + 23. Let w(x) = -99*x**3 + x**2 + 1. Is w(s) composite?
False
Let y(t) = 3160*t - 9. Let d be y(-3). Is d/(-45) + 8/60 composite?
False
Let u = 12322 + -7245. Is u prime?
True
Suppose 4*j = 4*q - 0 - 20, j = -3. Suppose -q*v + c + 4*c = -1151, -2*v - 5*c + 1141 = 0. Is v prime?
False
Let r(a) = a**2 + 11*a + 27. Let k be r(-4). Let y(n) = -2050*n**3 + n**2. Is y(k) a composite number?
True
Let c(m) = 4*m**2 + 8*m - 13. Let g(i) = 3*i + 9. Suppose -2*h - h - k = 20, -h - k - 6 = 0. Let j be g(h). Is c(j) composite?
False
Let t = 5617 + -3488. Is t a prime number?
True
Let w be (2 - 1)/(1/65). Suppose 2*f = -100 + 16. Let i = w + f. Is i composite?
False
Let m(z) = z**2 + 4*z - 3. Let h be m(-6). Let k be h/(-2)*6/9. Is (3/(-2))/(k/174) a prime number?
False
Suppose -5*v + 4*z = 66826, -4*v = -0*v - 2*z + 53456. Let u = v - -24569. Is u a prime number?
False
Let w(y) = y**2 - 8*y + 13. Let s be w(7). Let g(h) = h**3 - 3*h**2 + 2*h + 3. Let z be g(s). Let d = z + 56. Is d a prime number?
True
Let f(m) = m**3 + 7*m**2 - 3*m - 21. Let b be f(-7). Suppose b = -l + 6*l - 635. Is l a prime number?
True
Suppose 293*c = 289*c + 8. Suppose -l = -2*v + 6546, -4*v + c*l = -5*v + 3278. Is v a composite number?
True
Suppose -4*g + 21 = s, -3*s - 3*g = -2*s - 17. Let h(a) = 31*a**2 + 7. Let n be h(s). Suppose -1188 = -3*o - c, 0*o + 4*c - n = -2*o. Is o a composite number?
False
Suppose 6 = 147*m - 149*m. Is 76 - (5 + -2)/m a prime number?
False
Suppose 4*m = -5*w + 252757, 4*w - 252760 = -32*m + 28*m. Is m a prime number?
False
Let p(c) = c**2 + 10*c + 2. Let x be p(-10). Suppose 198 = -x*i + 620. Is i a composite number?
False
Suppose 72447 = 5*j + b, 3*b - 4*b = -2. Is j a composite number?
False
Let d(n) = 7*n**2 - 2*n + 6. Let k be d(-5). Suppose -3*t = -4*t + k. Is t composite?
False
Let f(x) be the third derivative of x**7/2520 + x**6/720 + 419*x**5/120 - x**4/8 - 7*x**2. Let g(a) be the second derivative of f(a). Is g(0) a prime number?
True
Suppose -p - 311 = 3*o - 829, -5*o - 1568 = -3*p. Suppose q - 3*q = 5*l - p, q + 4*l = 265. Is q a composite number?
True
Let o(r) = -r - 7. Let c be o(-9). Let v(m) = 133*m**3 - 2*m**2 - 1. Let z be v(c). Suppose -4*u = -3*u - z. Is u a prime number?
False
Is 432/(-20)*-1801 - (-28)/20 a composite number?
False
Let o(s) = s**3 + s**2 - 11*s + 4. Suppose 3*z + 5*y - 21 = 0, z - 5*y = -0*y + 7. Suppose z = 4*f - 3*f. Is o(f) composite?
True
Suppose -3*z + 1400 = 5*z. Let u = -70 + z. Suppose -5*l = -2*l - u. Is l composite?
True
Suppose 0 = v + 5*k - 1595, 2*k - 7929 = -3*v - 2*v. Let l = 2316 - v. Is l a composite number?
True
Let h be ((-8)/(-10))/(3/15). Suppose 522 = h*p + 2*d, 4*p - 381 = 4*d + 171. Is p prime?
False
Suppose f + 32 = -2*j + 3*j, 42 = j + f. Is j a prime number?
True
Suppose 1278*l - 494 = 1252*l. Is l a composite number?
False
Let g(p) = p + 10. Let t be g(-6). Let v(y) = 2*y**2 - 5*y + 2. Let x be v(3). Suppose x*q -